687?
8
What is the tens digit of 87421?
2
What is the thousands digit of 221787?
1
What is the thousands digit of 1957574?
7
What is the hundreds digit of 689121?
1
What is the tens digit of 23665?
6
What is the tens digit of 6593844?
4
What is the hundred thousands digit of 1196979?
1
What is the thousands digit of 85371?
5
What is the hundred thousands digit of 19922643?
9
What is the units digit of 151493?
3
What is the ten thousands digit of 131580?
3
What is the hundreds digit of 1045529?
5
What is the tens digit of 1362169?
6
What is the tens digit of 1105224?
2
What is the units digit of 272493?
3
What is the hundred thousands digit of 4554428?
5
What is the hundred thousands digit of 5249750?
2
What is the units digit of 32580663?
3
What is the thousands digit of 2934464?
4
What is the tens digit of 123952?
5
What is the ten thousands digit of 34707?
3
What is the hundreds digit of 565183?
1
What is the units digit of 2055918?
8
What is the millions digit of 13275921?
3
What is the tens digit of 4955596?
9
What is the tens digit of 1315931?
3
What is the tens digit of 379185?
8
What is the ten thousands digit of 127516?
2
What is the hundreds digit of 7525363?
3
What is the hundred thousands digit of 205768?
2
What is the hundred thousands digit of 6886141?
8
What is the tens digit of 19693?
9
What is the tens digit of 2996771?
7
What is the tens digit of 378357?
5
What is the units digit of 13958758?
8
What is the hundred thousands digit of 375212?
3
What is the units digit of 5408263?
3
What is the ten thousands digit of 6230943?
3
What is the units digit of 47780?
0
What is the hundred thousands digit of 5985137?
9
What is the tens digit of 5591989?
8
What is the millions digit of 1160219?
1
What is the units digit of 1822820?
0
What is the ten thousands digit of 148340?
4
What is the ten thousands digit of 1800514?
0
What is the ten thousands digit of 364934?
6
What is the tens digit of 4367061?
6
What is the ten thousands digit of 2219323?
1
What is the ten thousands digit of 18955?
1
What is the ten thousands digit of 722130?
2
What is the hundreds digit of 6246819?
8
What is the tens digit of 283172?
7
What is the units digit of 342985?
5
What is the tens digit of 3464927?
2
What is the hundreds digit of 826159?
1
What is the millions digit of 2121438?
2
What is the millions digit of 15008115?
5
What is the ten millions digit of 13734289?
1
What is the units digit of 43402?
2
What is the thousands digit of 439385?
9
What is the units digit of 1057601?
1
What is the ten thousands digit of 11312515?
1
What is the thousands digit of 11950116?
0
What is the units digit of 9132521?
1
What is the ten thousands digit of 85213?
8
What is the thousands digit of 101491?
1
What is the tens digit of 29354?
5
What is the thousands digit of 376790?
6
What is the ten thousands digit of 9989322?
8
What is the units digit of 1136778?
8
What is the hundreds digit of 150922?
9
What is the hundred thousands digit of 1006619?
0
What is the thousands digit of 4858644?
8
What is the hundred thousands digit of 215110?
2
What is the ten thousands digit of 8888506?
8
What is the hundreds digit of 3727060?
0
What is the hundred thousands digit of 3240568?
2
What is the hundreds digit of 235653?
6
What is the millions digit of 4506651?
4
What is the hundreds digit of 1898467?
4
What is the hundreds digit of 100813?
8
What is the units digit of 777980?
0
What is the hundreds digit of 191461?
4
What is the thousands digit of 39610?
9
What is the thousands digit of 516797?
6
What is the tens digit of 739622?
2
What is the ten thousands digit of 163320?
6
What is the millions digit of 9614121?
9
What is the units digit of 100922?
2
What is the units digit of 8940338?
8
What is the tens digit of 3127832?
3
What is the ten thousands digit of 574565?
7
What is the tens digit of 3631107?
0
What is the hundred thousands digit of 10432357?
4
What is the ten thousands digit of 29171?
2
What is the units digit of 1496517?
7
What is the millions digit of 1299788?
1
What is the thousands digit of 333223?
3
What is the units digit of 492554?
4
What is the thousands digit of 122744?
2
What is the ten thousands digit of 2459260?
5
What is the ten thousands digit of 32802?
3
What is the hundreds digit of 1039137?
1
What is the thousands digit of 293037?
3
What is the tens digit of 6439957?
5
What is the hundred thousands digit of 304961?
3
What is the tens digit of 718053?
5
What is the tens digit of 138381?
8
What is the hundreds digit of 2984645?
6
What is the ten thousands digit of 540981?
4
What is the hundred thousands digit of 1961882?
9
What is the hundred thousands digit of 2436747?
4
What is the hundred thousands digit of 1356315?
3
What is the hundred thousands digit of 286879?
2
What is the units digit of 4814692?
2
What is the hundred thousands digit of 15866866?
8
What is the ten thousands digit of 183908?
8
What is the ten thousands digit of 1224088?
2
What is the thousands digit of 141616?
1
What is the tens digit of 308272?
7
What is the millions digit of 5754437?
5
What is the thousands digit of 16115868?
5
What is the thousands digit of 1423145?
3
What is the hundreds digit of 155187?
1
What is the hundreds digit of 551757?
7
What is the thousands digit of 2734212?
4
What is the thousands digit of 17606682?
6
What is the ten millions digit of 14163947?
1
What is the millions digit of 9560646?
9
What is the thousands digit of 1864403?
4
What is the units digit of 17020596?
6
What is the hundred thousands digit of 39259347?
2
What is the tens digit of 444156?
5
What is the units digit of 51410?
0
What is the thousands digit of 54550?
4
What is the tens digit of 214576?
7
What is the hundreds digit of 901879?
8
What is the thousands digit of 1208039?
8
What is the thousands digit of 262226?
2
What is the ten thousands digit of 2517113?
1
What is the hundreds digit of 1753147?
1
What is the units digit of 257726?
6
What is the hundreds digit of 2794092?
0
What is the tens digit of 529800?
0
What is the hundreds digit of 6611070?
0
What is the ten thousands digit of 40653925?
5
What is the tens digit of 2364622?
2
What is the thousands digit of 312282?
2
What is the hundreds digit of 3890339?
3
What is the thousands digit of 407406?
7
What is the units digit of 2744264?
4
What is the hundred thousands digit of 371241?
3
What is the ten thousands digit of 578762?
7
What is the ten thousands digit of 10511795?
1
What is the ten thousands digit of 525050?
2
What is the tens digit of 3676723?
2
What is the hundred thousands digit of 16788417?
7
What is the millions digit of 7148918?
7
What is the units digit of 2218886?
6
What is the units digit of 431420?
0
What is the units digit of 334850?
0
What is the thousands digit of 5046303?
6
What is the thousands digit of 1965868?
5
What is the ten thousands digit of 1125486?
2
What is the hundreds digit of 4678424?
4
What is the units digit of 464137?
7
What is the millions digit of 1259487?
1
What is the hundreds digit of 1533?
5
What is the units digit of 8444522?
2
What is the units digit of 60062?
2
What is the thousands digit of 683775?
3
What is the hundreds digit of 803012?
0
What is the hundreds digit of 4504569?
5
What is the tens digit of 1797671?
7
What is the hundreds digit of 26373500?
5
What is the hundred thousands digit of 3078083?
0
What is the hundreds digit of 2398817?
8
What is the units digit of 848445?
5
What is the units digit of 822628?
8
What is the hundreds digit of 742252?
2
What is the ten thousands digit of 2635403?
3
What is the hundreds digit of 802642?
6
What is the hundred thousands digit of 3392087?
3
What is the millions digit of 1051481?
1
What is the units digit of 8514397?
7
What is the ten millions digit of 11182400?
1
What is the thousands digit of 3634360?
4
What is the tens digit of 2773202?
0
What is the ten millions digit of 11544087?
1
What is the ten millions digit of 10930620?
1
What is the units digit of 123059?
9
What is the tens digit of 2835373?
7
What is the hundreds digit of 1412251?
2
What is the units digit of 322798?
8
What is the thousands digit of 1024073?
4
What is the hundred thousands digit of 3380675?
3
What is the hundreds digit of 226000?
0
What is the